 base 2.
0
150 (base 15) to base 9
363
Convert 174 (base 10) to base 15.
b9
Convert 62 (base 7) to base 5.
134
What is 55 (base 6) in base 2?
100011
What is 1 (base 7) in base 8?
1
Convert 8c (base 13) to base 2.
1110100
11 (base 7) to base 6
12
210 (base 3) to base 7
30
Convert 1001 (base 2) to base 3.
100
0 (base 16) to base 2
0
Convert -3 (base 12) to base 8.
-3
What is 61 (base 15) in base 12?
77
What is 22 (base 6) in base 10?
14
Convert 111 (base 6) to base 16.
2b
-2 (base 3) to base 5
-2
Convert 1 (base 15) to base 10.
1
What is 110 (base 2) in base 12?
6
1 (base 13) to base 2
1
Convert -cd (base 14) to base 12.
-131
What is -10 (base 13) in base 8?
-15
Convert 0 (base 3) to base 9.
0
What is 171 (base 9) in base 13?
b2
What is 2003 (base 5) in base 9?
311
Convert 3 (base 6) to base 9.
3
2 (base 16) to base 3
2
Convert -2321 (base 5) to base 16.
-150
What is -1 (base 12) in base 3?
-1
3 (base 13) to base 11
3
7 (base 14) to base 13
7
-2 (base 8) to base 3
-2
25 (base 8) to base 5
41
4 (base 10) to base 12
4
Convert 1000011 (base 2) to base 10.
67
Convert 0 (base 12) to base 4.
0
What is 12 (base 14) in base 10?
16
What is -150 (base 10) in base 8?
-226
What is -52 (base 13) in base 3?
-2111
130 (base 9) to base 3
11000
16c (base 13) to base 9
317
-41 (base 6) to base 5
-100
Convert 22 (base 6) to base 11.
13
-2 (base 14) to base 13
-2
21 (base 3) to base 5
12
1 (base 4) to base 3
1
What is 64 (base 13) in base 7?
145
Convert b4 (base 12) to base 2.
10001000
Convert 0 (base 5) to base 7.
0
0 (base 8) to base 2
0
Convert -116 (base 9) to base 8.
-140
10110 (base 2) to base 3
211
What is -4 (base 13) in base 10?
-4
Convert 43 (base 6) to base 3.
1000
Convert -12 (base 7) to base 5.
-14
21 (base 11) to base 12
1b
Convert 14 (base 15) to base 10.
19
-1220 (base 3) to base 2
-110011
What is -1101111 (base 2) in base 15?
-76
What is 3 (base 15) in base 8?
3
-42 (base 12) to base 9
-55
10 (base 3) to base 8
3
26 (base 16) to base 10
38
Convert 23 (base 4) to base 9.
12
-2 (base 11) to base 13
-2
What is -115 (base 6) in base 12?
-3b
What is -33 (base 5) in base 8?
-22
What is -1420 (base 5) in base 6?
-1031
Convert 13 (base 16) to base 2.
10011
What is -4b (base 14) in base 16?
-43
Convert 35 (base 6) to base 15.
18
-1001 (base 2) to base 12
-9
Convert -2003 (base 5) to base 16.
-fd
2 (base 16) to base 11
2
-3b (base 12) to base 15
-32
Convert -333 (base 6) to base 5.
-1004
What is -101 (base 2) in base 13?
-5
What is 11 (base 6) in base 5?
12
What is -1 (base 4) in base 3?
-1
What is 24 (base 5) in base 7?
20
Convert -51 (base 16) to base 9.
-100
135 (base 15) to base 9
335
Convert 1211 (base 3) to base 2.
110001
Convert -1 (base 4) to base 12.
-1
-9 (base 12) to base 15
-9
What is 86 (base 9) in base 3?
2220
What is 314 (base 7) in base 5?
1113
Convert 15 (base 11) to base 16.
10
What is -36 (base 9) in base 2?
-100001
What is 0 (base 16) in base 14?
0
What is a (base 13) in base 15?
a
5 (base 10) to base 6
5
What is -6 (base 8) in base 11?
-6
What is 3 (base 13) in base 4?
3
Convert -100010 (base 2) to base 8.
-42
1100010 (base 2) to base 8
142
-38 (base 15) to base 9
-58
What is -1235 (base 6) in base 13?
-1ac
Convert -237 (base 8) to base 10.
-159
What is 160 (base 10) in base 8?
240
What is -73 (base 10) in base 12?
-61
106 (base 7) to base 2
110111
Convert 5 (base 13) to base 6.
5
Convert 4 (base 12) to base 15.
4
Convert -1 (base 4) to base 2.
-1
Convert 5 (base 11) to base 15.
5
Convert -34 (base 8) to base 3.
-1001
1 (base 3) to base 13
1
What is 201 (base 3) in base 2?
10011
What is -125 (base 9) in base 12?
-88
What is 11 (base 9) in base 8?
12
2 (base 13) to base 4
2
Convert 15 (base 9) to base 11.
13
What is 152 (base 7) in base 6?
222
What is -29 (base 10) in base 5?
-104
-4 (base 7) to base 15
-4
What is -24 (base 7) in base 14?
-14
Convert 15 (base 9) to base 12.
12
Convert 1 (base 12) to base 11.
1
What is 3 (base 13) in base 8?
3
What is -59 (base 14) in base 2?
-1001111
79 (base 11) to base 6
222
Convert -24 (base 7) to base 10.
-18
What is 12 (base 9) in base 4?
23
Convert -15 (base 11) to base 16.
-10
Convert -3 (base 14) to base 13.
-3
12 (base 11) to base 15
d
What is 21 (base 6) in base 14?
d
What is -2 (base 4) in base 15?
-2
22 (base 9) to base 12
18
6 (base 12) to base 11
6
116 (base 8) to base 15
53
What is -1 (base 11) in base 6?
-1
What is -10000001 (base 2) in base 4?
-2001
-196 (base 11) to base 14
-122
Convert -22 (base 4) to base 8.
-12
What is 10 (base 5) in base 11?
5
-4 (base 8) to base 9
-4
0 (base 14) to base 16
0
Convert -1 (base 6) to base 10.
-1
Convert -1 (base 14) to base 3.
-1
Convert 110 (base 3) to base 11.
11
What is -1 (base 6) in base 12?
-1
What is 142 (base 13) in base 5?
1343
What is 14a (base 15) in base 14?
171
What is 6 (base 11) in base 6?
10
-1b (base 12) to base 4
-113
What is 100 (base 2) in base 14?
4
12 (base 14) to base 11
15
Convert -16 (base 10) to base 7.
-22
What is 11 (base 3) in base 15?
4
Convert -101111 (base 2) to base 5.
-142
45 (base 10) to base 15
30
-61 (base 9) to base 6
-131
Convert -26 (base 7) to base 8.
-24
-2 (base 6) to base 7
-2
-4a (base 15) to base 16
-46
Convert 4 (base 7) to base 9.
4
54 (base 6) to base 15
24
Convert -21100 (base 3) to base 7.
-402
Convert 15 (base 15) to base 9.
22
-21 (base 9) to base 6
-31
What is -21 (base 4) in base 8?
-11
What is 0 (base 9) in base 5?
0
What is -90 (base 13) in base 9?
-140
What is 67 (base 13) in base 8?
125
Convert -100 (base 16) to base 5.
-2011
Convert 30 (base 4) to base 5.
22
What is a (base 16) in base 13?
a
1 (base 16) to base 8
1
Convert -3 (base 11) to base 2.
-11
Convert 20 (base 3) to base 4.
12
3 (base 10) to base 12
3
Convert -10 (base 8) to base 4.
-20
What is -42 (base 13) in base 12?
-46
3 (base 5) to base 6
3
Convert 15 (base 14) to base 5.
34
What is -a (base 14) in base 8?
-12
What is 3002 (base 4) in base 6?
522
-5 (base 16) to base 14
-5
Convert -412 (base 5) to base 8.
-153
-6 (base 15) to base 8
-6
What is 12 (base 4) in base 8?
6
What is 0 (base 5) in base 11?
0
What is 2 (base 13) in base 6?
2
0 (base 12) to base 11
0
What is -2 (base 8) in base 3?
-2
-3 (base 13) to base 4
-3
2 (base 16) to base 11
2
Convert -13 (base 6) to base 13.
-9
What is -12 (base 12) in base 10?
-14
2 (base 3) to base 7
2
What is 3 (base 4) in base 14?
3
11 (base 2) to base 15
3
-11 (base 3) to base 15
-4
What is 4f (base 16) in base 11?
72
What is -10 (base 6) in base 13?
-6
Convert -12 (base 6) to base 13.
-8
53 (base 8) to base 14
31
Convert -d (base 14) to base 15.
-d
What is 1 (base 14) in base 5?
1
Convert -2341 (base 5) to base 10.
-346
-4 (base 14) to base 13
-4
-101 (base 3) to base 7
-13
Convert -8a (base 13) to base 12.
-96
What is -2 (base 9) in base 10?
-2
What is 54 (base 10) in base 13?
42
What is -2 (base 4) in base 5?
-2
Convert 1c (base 13) to base 3.
221
-2 (base 10) to base 6
-2
Convert -138 (base 13) to base 7.
-426
What is -c (base 15) in base 6?
-20
What is 540 (base 6) in base 16?
cc
What is 6 (base 7) in base 11?
6
Convert -1 (base 14) to base 16.
-1
What is -21 (base 5) in base 12?
-b
-2 (base 11) to base 13
-2
What is 112 (base 3) in base 5?
24
Convert -3 (base 13) to base 15.
-3
Convert -11000 (base 3) to base 11.
-99
What is -1 (base 14) in base 3?
-1
Convert -121 (base 4) to base 16.
-19
-44 (base 8) to base 14
-28
1 (base 5) to base 9
1
What is 3 (base 13) in base 8?
3
-2 (base 5) to base 14
-2
Convert 41 (base 9) to base 15.
27
Convert -6 (base 15) to base 16.
-6
What is 1 (base 5) in base 13?
1
0 (base 15) to base 9
0
What is 1 (base 11) in base 5?
1
Convert -8 (base 15) to base 16.
-8
What is d4 (base 15) in base 14?
103
119 (base 10) to base 5
434
-4 (base 10) to base 15
-4
-3 (base 6) to base 5
-3
Convert 23 (base 4) to base 9.
12
-120 (base 5) to base 3
-1022
1001100 (base 2) to base 15
51
4 (base 9) to base 4
10
What is -73 (base 9) in base 12?
-56
Convert 222 (base 3) to base 13.
20
What is -1 (base 4) in base 3?
-1
-1d (base 15) to base 14
-20
Convert -11 (base 5) to base 13.
-6
Convert 31 (base 8) to base 13.
1c
What is 10010 (base 2) in base 14?
14
Convert 24 (base 13) to base 8.
36
What is 10 (base 5) in base 6?
5
Convert -1 (base 6) to base 10.
-1
What is 3 (base 10) i